?
2, 3, 7
Let m = -144 - -313. List the prime factors of m.
13
Suppose 12826 = 4*q - 2*u, -5*q + u + 5881 = -10147. List the prime factors of q.
5, 641
Let o(t) = t - 8. Let r be 56/6 + (-4)/(-6). Let l be o(r). Suppose -2*x - 3*f = -11, -5*x + l*x + 4*f = -25. List the prime factors of x.
7
Let u(z) be the first derivative of z**4/2 - 7*z**3/3 + 4*z**2 - z - 29. What are the prime factors of u(6)?
227
Suppose 367*q + 32 = 369*q. Suppose -5*r = -4 - 1. Let k = r + q. List the prime factors of k.
17
Suppose -45 = -2*y + 7*y. Let x be y/3*2/(-3). Suppose -4*u - 2*b + 72 = 0, -2*u + 8 = -x*b - 34. List the prime factors of u.
19
Let w be (3 - 7)/(1 - 3). Let h be -1 - w/((-6)/(-261)). Let q = -54 - h. What are the prime factors of q?
2, 17
Let c be 6/(-42) + (-22)/(-7). Suppose 26 = c*u + i, -u - i = -0*u - 10. Suppose u*v + 12 = 10*v. List the prime factors of v.
2, 3
Suppose 8*d + 2301 = 21*d. List the prime factors of d.
3, 59
List the prime factors of (-5996)/(-30) + 130/975.
2, 5
Let w be (-4 - 1)*32/(-10). Suppose w*g = 14*g + 22. List the prime factors of g.
11
Suppose -2*i + 402 = u, 3*i + 4*u = 2*u + 604. Suppose g + 8*r - i = 3*r, -2*g = -2*r - 460. Suppose h = 6*h - g. What are the prime factors of h?
3, 5
Suppose -20*n + 21*n - 5*v - 1685 = 0, -3*v - 8381 = -5*n. List the prime factors of n.
5, 67
Let s be ((-33)/(-22))/(2/12). Suppose -y - c = -s - 40, -3*y - 4*c + 150 = 0. List the prime factors of y.
2, 23
Let p be ((2 - -1) + 2)*1. Suppose 230 = p*m - 5*u, 0*m = -2*m - u + 86. Let n = -24 + m. List the prime factors of n.
2, 5
Suppose 5*i + 5*q - 158 - 17 = 0, 4*q = 5*i - 130. Suppose 0 = -5*j + 20 + i. What are the prime factors of j?
2, 5
Suppose 38 = -8*s + 6*s. Let q = s - -23. What are the prime factors of 2 + 1/(q/20)?
7
Suppose -54*x + 13728 = -43*x. List the prime factors of x.
2, 3, 13
Suppose 29*z = 30*z - 23. Let m = z + -20. List the prime factors of m.
3
Suppose 0 = -17*y - 0*y + 7191. What are the prime factors of y?
3, 47
Let l be 3/(-6) + (-45)/2. Let g = l + 70. Suppose g = 3*m - 61. List the prime factors of m.
2, 3
Let d(j) = 24*j + 2. Let s(l) = -l**3 - 14*l**2 - l - 11. Let h be s(-14). List the prime factors of d(h).
2, 37
Let p = 1099 - 256. What are the prime factors of p?
3, 281
Let p(g) = -83*g - 15. Let n be p(-7). Suppose -c + 4*i - n = -4*c, 0 = -i + 5. List the prime factors of c.
2, 7, 13
Let k(f) = -f**2 - 20*f - 42. Let m be k(-17). List the prime factors of (-781)/(-4) - m/36.
3, 5, 13
Let a(k) = 72*k**2 + 2*k - 7. Let m be a(3). Let s = m - 433. List the prime factors of s.
2, 107
Suppose -6*p = -2*p - 120. Let t = -25 + p. Suppose -5*g = -t*i + 225, -9 = -3*g + 6*g. List the prime factors of i.
2, 3, 7
Suppose -2*o - 3*o = 5. Let y(c) = 40*c**2 + c. Let q be y(o). Let j = -27 + q. List the prime factors of j.
2, 3
Let l(f) = -5*f**2 - 32*f - 8. Let i(n) = -2*n**2 - 16*n - 4. Let y(v) = -7*i(v) + 3*l(v). List the prime factors of y(9).
67
What are the prime factors of (-6)/((-5)/(44150/30))?
2, 883
Suppose -2*f = -5*c + 186, -20*c + 16*c - 3*f = -158. List the prime factors of c.
2, 19
Let c = 3 - -38. Suppose q - c = -7. Let g = q - -16. What are the prime factors of g?
2, 5
Let h(a) = a**3 - 4*a**2 - 4*a. Let n be h(5). Suppose -n*o - 260 = -800. What are the prime factors of o?
2, 3
Let i(w) be the third derivative of -7*w**6/180 - w**5/60 - 5*w**4/24 - 4*w**2. Let g(b) be the second derivative of i(b). List the prime factors of g(-1).
2, 13
Let f = 12 + -12. Suppose f = 3*r - 7*r + 4. List the prime factors of r*((-2)/(-2) - -34).
5, 7
Suppose 3 = v + 4. Let w(h) = 8*h**2 + 3*h + 2. Let r be w(v). List the prime factors of -86*(r/2)/(-7).
43
Let w be ((-7)/(35/(-4)))/(1/(-10)). Let n(b) = -23*b + 36. What are the prime factors of n(w)?
2, 5, 11
Suppose 0 = 5*y + 4*n - 32, 0*n = 5*y - 3*n - 46. Suppose -11*o = -10*o - y. What are the prime factors of o?
2
What are the prime factors of 9*7/63 - (-708)/3?
3, 79
Suppose -81 = -4*m - 29. Suppose 3*w + 1 = m. Suppose j = v + 4*j - 38, 77 = w*v - 3*j. List the prime factors of v.
23
Suppose -11*a = -2*a - 12600. List the prime factors of a.
2, 5, 7
Suppose f - 1031 = m + 2*m, -4*f + 3*m = -4088. What are the prime factors of f?
1019
Suppose -3*q + q = 5*i + 26, 0 = -q + i - 13. List the prime factors of (-98)/(-10)*(-325)/q.
5, 7
Let m(y) = -y - 19. Let i be m(-8). Let l be 48/22 + 2/i. Suppose n = -l*n + 66. What are the prime factors of n?
2, 11
Suppose 0 = 3*c - 2*g + 4*g - 620, -2*c = -2*g - 410. What are the prime factors of c?
2, 103
Let q = 79 + -138. Let n = q + 78. List the prime factors of n.
19
Suppose -9 = -3*f, -5*f - 4751 = -2*j - 0*f. List the prime factors of j.
2383
Suppose 0 = -5*w + 1968 + 522. Suppose -7*g - 106 = -p - 5*g, -5*p + 2*g = -w. What are the prime factors of p?
2, 7
Let l(b) = 4*b**2 - 4*b + 3. Let n be l(1). What are the prime factors of ((-25)/(-3) - 1)/(1/n)?
2, 11
Let w = 935 - 519. What are the prime factors of w?
2, 13
Suppose -2*q - 944 = -3056. Suppose 0 = 44*d - 50*d + q. List the prime factors of d.
2, 11
Let p(v) = 9*v**2 + 2*v + 1. Let s be p(-2). Let d(w) = -w**3 + 26*w**2 - 24*w - 16. Let r be d(25). Let g = s + r. What are the prime factors of g?
2, 3, 7
Suppose -97 = 29*c - 5433. What are the prime factors of c?
2, 23
Let i = -15 - -17. Suppose -i*l = -2*c - 42, c = 3*l - 3*c - 66. What are the prime factors of l?
2, 3
Let g = 18 - 13. Let b be (2 + 4/(-5))*g. Let z(p) = p**2 - 4*p - 1. List the prime factors of z(b).
11
Suppose -1 = 2*v - 3*z, 0 = 3*v + 4*z + 2 - 26. Suppose -v = -l - g, -2*l + 18 = 3*l + 4*g. List the prime factors of (-951)/(-21) - l/7.
3, 5
Let f = 14 - -8. Suppose 2*y + 4 - 2 = 2*u, -2*u - y = -8. Let n = f - u. List the prime factors of n.
19
Let u = -12 + 19. Suppose 0 = -5*h + u + 8. Suppose -4*t = -5*t + 2*x + 33, -t + 38 = -h*x. What are the prime factors of t?
23
Let w(x) = -200*x - 197. List the prime factors of w(-11).
2003
Let c = 36 + -21. What are the prime factors of c/9*3/1?
5
Let a(z) = z**3 - 5*z**2 + z + 3. Suppose -4 = y - 2*y. Let s be a(y). List the prime factors of 2408/36 + (-1)/s.
67
Let q(y) = 2*y**3 - y**3 + 0 - 5 + 2*y - 5*y**2. Let x be q(5). Let h(k) = 3*k - 4. List the prime factors of h(x).
11
Suppose -2*r - 3 = 2*a - 69, a - 97 = -3*r. Let j = r + -1. List the prime factors of j.
31
Let b(w) = -2*w**2 - 2*w. Let p be b(1). Let q(s) = -s**3 + s**2 - 9*s + 1. What are the prime factors of q(p)?
3, 13
Suppose -z - 3*c - 858 + 2843 = 0, -4*z - c = -7951. List the prime factors of z.
2, 7, 71
Suppose 0 = 76*a - 92*a + 17712. What are the prime factors of a?
3, 41
Let c be 2 - 2*(-2965)/10. Let y = -366 + c. What are the prime factors of y?
229
Suppose -3*t + 5*c = -751, 0 = -t - 5*c + 105 + 112. List the prime factors of t.
2, 11
Let i be 8617/17 + (-26)/(-221). Suppose -4*n + i = g - 0*g, 141 = n + 5*g. List the prime factors of n.
2, 3, 7
Let m = 3621 + -1794. What are the prime factors of m?
3, 7, 29
Let w be (196/42)/((-4)/(-6)). Suppose 0 = -13*t + w*t + 432. What are the prime factors of t?
2, 3
Let x(j) = 4*j**2 - 21*j + 35. What are the prime factors of x(19)?
2, 3, 5
Suppose 72*m + 118299 - 491475 = 0. What are the prime factors of m?
71, 73
Suppose w = -5*r - 1 - 3, 0 = 3*w + r - 44. Suppose -6*o + 22 - 16 = 0. What are the prime factors of o/((-4)/(-4)) + w?
17
Let b be 2*(-2)/8*-14. Suppose -h - 18 = 4*d, -b*d - 24 = -2*h - 3*d. What are the prime factors of (-234)/(-12) - 1/h?
19
Let c(u) = -12*u**2 - u + 2. Let h be c(2). Let f be ((-5)/2)/(4/h). Let v = f + -8. What are the prime factors of v?
2, 11
Let r(i) = 18*i - 13. Let q(y) = 9*y - 6. Let a(s) = -9*q(s) + 4*r(s). List the prime factors of a(-4).
2, 19
Suppose -2*b - 21 = -9*b. Suppose 7*i = 2*i + 4*m + 126, b*m + 127 = 5*i. List the prime factors of i.
2, 13
Suppose 0 = -a - 1, 4*s - a = -0*s + 1. Suppose 3*f + 15 + 12 = s. List the prime factors of -3*(1 - (-33)/f).
2
Let g = 21 + -14. Suppose 30 = g*p - p. Suppose 5*i - 4*y = -9*y + 25, p*i - 4*y - 25 = 0. List the prime factors of i.
5
Suppose o + 62 - 192 = 0. Suppose -o = -14*p + 12*p. What are the prime factors of p?
5, 13
List the prime factors of 4024/18 - 104/(-234).
2, 7
Suppose -2*t + 190 = 17*t. Suppose -13*n + t*n = -